{"id":2002,"date":"2016-12-02T19:25:08","date_gmt":"2016-12-02T19:25:08","guid":{"rendered":"http:\/\/cms.sv-karlsdorf.de\/?page_id=2002"},"modified":"2022-03-26T10:12:02","modified_gmt":"2022-03-26T09:12:02","slug":"neu_jugend_berichte","status":"publish","type":"page","link":"https:\/\/www.sv-karlsdorf.de\/?page_id=2002","title":{"rendered":"Jugend Berichte"},"content":{"rendered":"\n<div class=\"wp-block-group\"><div class=\"wp-block-group__inner-container is-layout-flow wp-block-group-is-layout-flow\">\n<div class=\"wp-block-columns is-layout-flex wp-container-core-columns-is-layout-9d6595d7 wp-block-columns-is-layout-flex\">\n<div class=\"wp-block-column is-layout-flow wp-block-column-is-layout-flow\" style=\"flex-basis:100%\">\n<div class=\"wp-block-group\"><div class=\"wp-block-group__inner-container is-layout-flow wp-block-group-is-layout-flow\"><ul class=\"wp-block-latest-posts__list wp-block-latest-posts\"><li><a class=\"wp-block-latest-posts__post-title\" href=\"https:\/\/www.sv-karlsdorf.de\/?p=4386\">Vorbereitung zu den deutschen Meisterschaften in M\u00fcnchen<\/a><div class=\"wp-block-latest-posts__post-excerpt\">Am Wochenende und in der darauffolgenden Woche finden auf dem Olypiast\u00fctzpunkt in M\u00fcnchen-Hochbr\u00fcck die Deutschen Meisterschaften im Sportschie\u00dfen statt. Die diesj\u00e4hrigen Qualifikationsringzahlen in den olympischen Disziplinen wie Luftpistole, Sportpistole und die jeweiligen Gewehrdisziplinen auf 50m und 100m waren bei starker Beteiligung und top Ergebnissen in den jeweiligen Bundesl\u00e4ndern sehr hoch. Deshalb erreichen trotz sehr guter<\/div><\/li>\n<li><a class=\"wp-block-latest-posts__post-title\" href=\"https:\/\/www.sv-karlsdorf.de\/?p=4374\">Weiteres \u201eGold\u201c bei den Landesmeisterschaften 2024<\/a><div class=\"wp-block-latest-posts__post-excerpt\">Sophie Huber, talentiert, \u201eziel\u201c-strebig und voller Ehrgeiz und Konzentration bei Training und Wettk\u00e4mpfen, war am Wochenende erfolgreiche Teilnehmerin bei den Junioren-Landesmeisterschaften in Ettlingen. Sie nahm an 2 Luftdruckpistolendisziplinen teil und konnte am Ende der Wettk\u00e4mpfe sich in beiden Disziplinen gegen starke Konkurrenzdurchsetzen und sich mit dem Titel der Landesmeisterin kr\u00f6nen lassen. Ein toller Erfolg f\u00fcr<\/div><\/li>\n<li><a class=\"wp-block-latest-posts__post-title\" href=\"https:\/\/www.sv-karlsdorf.de\/?p=4167\">Kreismeisterschaften 2023 &#8211; Luftdruck<\/a><div class=\"wp-block-latest-posts__post-excerpt\">Am vergangenen Wochenende wurden in Philippsburg die diesj\u00e4hrigen Kreismeisterschaften in den Luftdruckwaffendisziplinen ausgetragen. Von unserem Verein gingen mit der Luftpistole von der Sch\u00fctzenjugend und Junioren 6 Sch\u00fctzinnen und Sch\u00fctzen an den Start. In den Erwachsenendisziplinen starteten 15 Sch\u00fctzen und 2 Sch\u00fctzinnen. Erfolgreiche Einzelplatzierungen bei der Jugend \u2013 weiblich \u2013 erreichten Talea Sophie Huberals Kreismeisterin und<\/div><\/li>\n<li><a class=\"wp-block-latest-posts__post-title\" href=\"https:\/\/www.sv-karlsdorf.de\/?p=4109\">AEV Endkampf<\/a><div class=\"wp-block-latest-posts__post-excerpt\">Nach mehreren Vork\u00e4mpfen stellten unsere Jugendlichen Noel Herberger, Vincent Fuch und Tim Sch\u00fcler in den Endk\u00e4mpfen ihr ganzes K\u00f6nnen unter Beweis. Noel Herberger lie\u00df bereits im Vorkampf erkennen, dass er sich in ausgezeichneter Form befindet und zeigte auch im alles entscheidenden Finalkampf keine Schw\u00e4chen. Er sicherte sich verdient den 1. Platz und holte damit den<\/div><\/li>\n<li><a class=\"wp-block-latest-posts__post-title\" href=\"https:\/\/www.sv-karlsdorf.de\/?p=4083\">Limitzahlen LM 2022<\/a><div class=\"wp-block-latest-posts__post-excerpt\">Hier findet ihr die Limitzahlen f\u00fcr die LM 2022<\/div><\/li>\n<\/ul><\/div><\/div>\n<\/div>\n<\/div>\n<\/div><\/div>\n","protected":false},"excerpt":{"rendered":"","protected":false},"author":5,"featured_media":0,"parent":0,"menu_order":0,"comment_status":"closed","ping_status":"closed","template":"","meta":{"footnotes":""},"class_list":["post-2002","page","type-page","status-publish","hentry"],"_links":{"self":[{"href":"https:\/\/www.sv-karlsdorf.de\/index.php?rest_route=\/wp\/v2\/pages\/2002","targetHints":{"allow":["GET"]}}],"collection":[{"href":"https:\/\/www.sv-karlsdorf.de\/index.php?rest_route=\/wp\/v2\/pages"}],"about":[{"href":"https:\/\/www.sv-karlsdorf.de\/index.php?rest_route=\/wp\/v2\/types\/page"}],"author":[{"embeddable":true,"href":"https:\/\/www.sv-karlsdorf.de\/index.php?rest_route=\/wp\/v2\/users\/5"}],"replies":[{"embeddable":true,"href":"https:\/\/www.sv-karlsdorf.de\/index.php?rest_route=%2Fwp%2Fv2%2Fcomments&post=2002"}],"version-history":[{"count":5,"href":"https:\/\/www.sv-karlsdorf.de\/index.php?rest_route=\/wp\/v2\/pages\/2002\/revisions"}],"predecessor-version":[{"id":4035,"href":"https:\/\/www.sv-karlsdorf.de\/index.php?rest_route=\/wp\/v2\/pages\/2002\/revisions\/4035"}],"wp:attachment":[{"href":"https:\/\/www.sv-karlsdorf.de\/index.php?rest_route=%2Fwp%2Fv2%2Fmedia&parent=2002"}],"curies":[{"name":"wp","href":"https:\/\/api.w.org\/{rel}","templated":true}]}}